- 6*x**2 + 9*x + 22. Let w be g(11). Let z(l) be the third derivative of l**4/24 + l**3/3 + 2*l**2. Determine z(w).
0
Let t(g) be the second derivative of g**4/12 - 5*g**3/3 - 8*g**2 - 77*g. Give t(11).
-5
Let g be ((-21)/(-3))/(3/3). Let w(h) be the first derivative of h**3/3 - 2*h**2 - 5*h - 784. Give w(g).
16
Suppose 5*d - 3 = 42. Let z(r) = -6*r**2 - 2*r**2 + r**3 + 117522*r - 117531*r + 11. Calculate z(d).
11
Let c(q) = -2*q + 10. Suppose 0 = x + 389*k - 386*k + 14, 5*x - 3*k - 2 = 0. Calculate c(x).
14
Suppose -27 = -x - 36. Let l(z) = z**2 + 14*z + 5. What is l(x)?
-40
Let x(r) = -2*r**2 + 9*r - 5. Let v = -707 - -687. Let c be v*-1*5*6/120. Calculate x(c).
-10
Let f(v) = 6*v + 5 + 59*v**3 - 125*v**3 + 1 + 5*v**2 + 65*v**3. Suppose -3*a = 2*q - 26, 3*a - 21 = -4*q + 13. Determine f(a).
6
Let b(m) = -m**2 + 69*m + 49. Let n(c) = -14*c - 8. Let v(x) = 2*b(x) + 11*n(x). Determine v(-9).
-8
Let b be (-3 + 2 - 35)/(-2). Suppose -4*j = -5*r + 20, 3*j + b = 2*r + 3. Let h(n) be the first derivative of -n**4/4 - 4*n**3/3 + 7*n**2/2 - n + 2. Give h(j).
-11
Let i(o) = -o**3 + 7*o**2 - 5*o - 8. Let y(f) = f**2 - 14*f - 79. Let k be y(25). Let n = k - 190. Calculate i(n).
-2
Let a(r) = -r**3 - 9*r**2 + 25*r + 15. Suppose 31 + 404 = -52*o - 85. Give a(o).
-135
Let d(f) be the first derivative of -7/3*f**3 + 91 - f - f**2. What is d(-1)?
-6
Suppose h - 2*b + 0*b = 4, -5 = -2*h + 5*b. Let m(k) = 4*k + h + 0*k - 3*k. Let f be 12/9*-3 + -5. What is m(f)?
1
Suppose -894 + 706 = -4*g. Suppose -9*w - 74 + g = 0. Let i(d) = 2*d + 1. Determine i(w).
-5
Let l(t) = 7*t**3 + 834*t**2 - 231*t - 287. Let u(k) = k**3 + 105*k**2 - 29*k - 36. Let c(j) = -3*l(j) + 25*u(j). What is c(-31)?
-8
Let y(k) = 24*k - 17. Let o = -560 + 565. Let b(c) = -38*c + 25. Let v(g) = o*b(g) + 8*y(g). Calculate v(8).
5
Let f(j) be the first derivative of j**5/60 + j**4/6 + j**3/3 + 9*j**2 + 2*j + 107. Let x(u) be the second derivative of f(u). What is x(-6)?
14
Let h(f) = -99*f + 14. Let d(z) = 59*z - 8. Let t(o) = 5*d(o) + 3*h(o). Calculate t(-5).
12
Let m(d) = -2*d**3 + 11*d**2 - d - 9. Let y = 16049 + -16044. Give m(y).
11
Let f(l) = -l**3 - l**2 + 7. Let a(k) = k + 2*k - 28 - 3*k - 4*k. Let q be a(-7). Suppose q = -4*t - 0*t. Determine f(t).
7
Let f(q) = 12 + q**2 + 113252*q + 113255*q - 226497*q. Determine f(-8).
-4
Let r(h) = -5*h + 5 + 0*h + 4*h + 2*h. Let s = -77 + 74. Give r(s).
2
Let v(k) = -3268 + 6531 + 8*k - 3250 + k. What is v(-4)?
-23
Let a(i) be the first derivative of 2*i**2 - i - 1861. Suppose -5*l + 15 = z - l, 0 = z - l + 5. Determine a(z).
-5
Let r(f) = f**2 - 14*f - 85. Suppose t - 375 + 501 = 8*t. Calculate r(t).
-13
Suppose 4*d = 3 + 1. Let l(i) be the first derivative of i**5/15 - 86*i**2 + 2*i + 446. Let t(w) be the second derivative of l(w). Give t(d).
4
Let d(i) = 93*i**2 + 45*i - 22. Let s(g) = -19*g**2 + g - 2. Let w(c) = d(c) + 5*s(c). Determine w(24).
16
Let c(f) = -2*f - 27. Let h = 72 + -89. Let x be c(h). Let r(v) = -8*v - x - 6*v**2 + 5*v**2 - 3*v. Give r(-7).
21
Let b = 209 + -207. Suppose b*a + 396 = -31*a. Let j(r) = -r - 7. What is j(a)?
5
Let m(d) = d**2 - 12*d + 30. Suppose 0 = 15*k + 309 + 21. Let i(a) = a**2 + 25*a + 74. Let j be i(k). What is m(j)?
-2
Let s be (-4 + 1)/((-33)/88). Suppose 2*a + 24 = s*a. Let i(o) = -a*o**2 - 10*o + 11*o + 1 + 14*o**2. What is i(-1)?
10
Let j(t) = 3 - 47*t + 46*t - 1. Let d = 6 + -14. Let f be d/10 - (117/(-15) + 2). Give j(f).
-3
Suppose -64 = 44*y - 32*y - 44*y. Let c(m) = -5*m**3 + 2*m**2 - 5*m + 5. What is c(y)?
-37
Let a(w) = 37*w**2 + 127*w + 22. Let l(i) = 25*i**2 + 90*i + 15. Let r(o) = -5*a(o) + 7*l(o). Calculate r(-1).
-10
Let q(b) = 12*b - 26. Suppose -21 = 4*z + n, -7*z - n = -4*z + 16. Give q(z).
-86
Let k(s) = 19*s - 26*s - 247 + 241. What is k(3)?
-27
Let n be (-2)/(-13)*1 + -99*3/(-351). Let t(g) = -50*g**2 + g - 1. Determine t(n).
-50
Suppose -3*d = 2*v + 7 + 40, 5*v - 4*d + 129 = 0. Let h(m) = m**3 + 24*m**2 - 26*m - 32. What is h(v)?
-7
Let l(q) = 14*q - 82. Let d(j) = -111*j + 639. Let b(n) = -6*d(n) - 50*l(n). Calculate b(7).
28
Let g = -1 - -4. Suppose 0 = 4*m - 6*m + 3*f - g, 2*m - f = -13. Let n(s) = -98*s + 44. Let x(u) = -17*u + 8. Let d(a) = 4*n(a) - 23*x(a). Calculate d(m).
1
Let r(b) = -2*b**2 + 20*b - 39. Let t(g) = 3*g**2 - 30*g + 59. Let n(v) = 8*r(v) + 5*t(v). What is n(8)?
-1
Let g be (-13)/((-130)/(-4)) - ((-56)/(-10) - 1). Let d(m) = -m - 1. Determine d(g).
4
Suppose -9*r - 72 = 108. Let d be 70/r*(-4)/7. Let v = d + -8. Let i(n) = -3*n - 8. Calculate i(v).
10
Let r(f) = 20*f**2 - f + 1. Let c be r(1). Suppose -3*y - c = y. Let i(q) be the second derivative of -q**4/12 - 5*q**3/6 - 3*q**2/2 - 4441*q. Calculate i(y).
-3
Let t(o) = -4*o**3 + 5. Let f(k) = k**3 - k**2 - 2*k + 7. Let p(q) = -f(q) + t(q). What is p(1)?
-4
Let b(h) be the second derivative of -7*h**4/12 - h**3/3 - h**2/2 + 4*h - 112. What is b(-2)?
-25
Let g(y) = -28*y - 66. Let x(n) = -3*n - 1. Let q(j) = g(j) - 12*x(j). What is q(6)?
-6
Let c(b) = 11*b**2 - 27*b + 25. Let i(u) = -u**2 - 1. Let y(q) = 8*q**2 - 13*q + 15. Let z(p) = 3*i(p) + y(p). Let n(t) = -4*c(t) + 9*z(t). Give n(7).
-6
Let q(n) = -18*n**3 + n**2 + 2*n. Let j be q(-1). Suppose -2*f = -j + 9. Let b(l) = l + 1. Calculate b(f).
5
Let m(d) be the second derivative of 5*d**4/12 - d**3/3 + 3*d**2/2 + 7480*d. Give m(-3).
54
Let j(m) = -m**2 + 188*m - 4884. Let d be j(31). Let k(w) = 71*w + 1205. Determine k(d).
-2
Let h(y) be the third derivative of -y**6/120 - y**5/4 - y**4 + 13*y**3/6 - 27*y**2 + 19. What is h(-13)?
-13
Suppose 3*f + 3*m = -0*f + 12, -2 = m. Suppose -5*p = -f*p + 6. Let j(b) = 42*b - 2 - 82*b + 13 - 2 + 38*b. Calculate j(p).
-3
Let y(j) = -j**2 - 6*j + 6. Suppose -5*g - 4*m + 76 = 0, -g + 4*m + 0 = 4. Suppose q = 3*c - g, -q - c + 20 = -4*q. Give y(q).
6
Suppose -11*p = -p + 110. Let x(s) = -9*s**2 - 34. Let u(l) = 5*l**2 + 17. Let c(o) = p*u(o) - 6*x(o). Let y(g) be the first derivative of c(g). Give y(-1).
2
Let h(x) be the second derivative of x**4/12 + 8*x**3/3 - 5*x**2/2 - 30*x + 12. What is h(-17)?
12
Let t(u) = 2*u**2 - 9*u - 3. Let g be t(5). Suppose 9*i - g = 7*i. Suppose -2*f = -5*j + i, -f = j - 0*j + 4. Let z(n) = 6*n**3 - n**2 + n + 1. Give z(j).
-7
Let w(z) = -z - 4. Let b(y) = -12*y + 8*y**2 + 5 - 7*y**2 - 6*y. Let q be b(18). Suppose 0 = q*i - 4 - 21. Determine w(i).
-9
Let v(g) = -17*g - 93. Let l be v(-13). Let m = l - 131. Let y(r) = -r**3 - 4*r**2 - 4*r + 1. Give y(m).
4
Let m(r) be the first derivative of 0*r - 1/2*r**2 - 26. Let c = 2 + -1. Determine m(c).
-1
Let l(q) = q**3 + 6*q**2 + 2*q + 2. Suppose w = 1 - 22. Let r = w - -15. Let k be l(r). Let u(o) = o**2 + 10*o + 6. What is u(k)?
6
Suppose 187 = 11*s + 121. Let z(j) = -3*j**2 + 18*j - 3. Calculate z(s).
-3
Let i(h) = h**2 - 24*h - 13. Let p(r) = -76*r + 1772. Let z be p(23). Give i(z).
-13
Let z(u) = -u**3 + 9*u**2 - 14*u + 44. Let j(p) = 2*p**2 + 8*p - 2. Let q(f) = -8*j(f) - z(f). Determine q(27).
80
Let b(k) be the first derivative of -31*k - 1/12*k**4 + 16 + k**3 - 5/2*k**2. Let n(p) be the first derivative of b(p). What is n(5)?
0
Let c(t) = -t**2 + t + 6. Let q(m) = -78*m - 74. Let i be q(-1). Calculate c(i).
-6
Let j(t) be the second derivative of -7*t**4/12 + t**3/6 - 17*t. Let z be 6/((-2)/10*(-9)/(-12)). Let w = -41 - z. Give j(w).
-8
Let p(l) = l**2 - 5*l - 1. Let m(r) = -2*r**2 - 14*r - 9. Let u(v) = m(v) + p(v). Give u(-7).
74
Let t(i) = 0*i**2 + 4*i + 30*i - i**2 + 48 - 96. Determine t(32).
16
Let y be (136/51)/(2/6) - 6. Let i(g) = g + 8. Let a be i(7). Let r(n) = -y*n - 7*n - 7*n + a*n. Determine r(-4).
4
Let j be (3/6)/(4/(-312)). Let c = 36 + j. Let q be (-5)/(3*1/c). Let m(t) = t**2 - 6*t. Give m(q).
-5
Let i(j) = 15*j - 454. Let x be i(30). Let o(w) = w**2 + 5*w - 5. Let g be o(-6). Let m(s) = -s - g + 5*s + 0 - 3*s. What is m(x)?
-5
Let d(x) = -749*x - 8 + 1553*x - 785*x. What is d(3)?
49
Let d(i) = -35*i - 18. Let y(g) = -57*g - 29. Let u(c) = -8*d(c) + 5*y(c). Give u(-2).
9
Let i = -6190 - -6180. Let d(q) = -3*q**2 - 26*q + 34. Give d(i).
-6
Let k be (-80)/60 + 6/9*(-40)/(-2). Let d(f) = -f**3 + 13*f**2 - 15*f + 29. Calculate d(k).
-7
Suppose -4*i + 8 + 9 = v, -i = 3*v - 18. Suppose -5*u + 17 = -k, 2*k + 5*u - 36 = v. Let c(o